is -10 - 1211244222?
-1211244232
In base 3, what is -1011022 + -202010222?
-210022021
In base 5, what is -302 - -322110100?
322104243
In base 8, what is -54755 - 500?
-55455
In base 16, what is -2d16fc6 - 2?
-2d16fc8
In base 15, what is 1c86 - 4c4?
17b2
In base 8, what is 276135773 + 2?
276135775
In base 9, what is 1354 - 342?
1012
In base 2, what is 1000 - 1100011010101001110000?
-1100011010101001101000
In base 5, what is 0 + 142142222212?
142142222212
In base 8, what is 123233046 - -4?
123233052
In base 14, what is -3 + -522b25?
-522b28
In base 14, what is -18536 + -462?
-18998
In base 5, what is -4 - 4034320021?
-4034320030
In base 13, what is 1 - -1a788?
1a789
In base 2, what is 1101011011100100 + 1011111101101?
1110111011010001
In base 6, what is 14 + 323512202?
323512220
In base 6, what is -10 - 5044352215?
-5044352225
In base 7, what is 36130611 + -4?
36130604
In base 13, what is -2 - 2a94566?
-2a94568
In base 13, what is -37a - -26643?
26296
In base 13, what is -72c1c4 + 3?
-72c1c1
In base 3, what is 11200 + -22100121212?
-22100110012
In base 16, what is e - -15556b?
155579
In base 15, what is -20ae1 - -187?
-20959
In base 5, what is 1112122 + 40402?
1203024
In base 16, what is 74d71 + 17e?
74eef
In base 9, what is -2156450 + -23?
-2156473
In base 12, what is -4 - 11569196?
-1156919a
In base 6, what is -2514 + 53141?
50223
In base 12, what is -62 + -2370085?
-2370127
In base 2, what is -10010100010010110010000000 + 10?
-10010100010010110001111110
In base 13, what is b6311 + -41?
b62a0
In base 13, what is -208 - -983b68?
983960
In base 16, what is -ef - -88254?
88165
In base 8, what is -1500 - -11201?
7501
In base 11, what is 5 - 18182a?
-181825
In base 13, what is -77963 - -7?
-77959
In base 3, what is -11220002220 + 10001?
-11212222212
In base 6, what is -3141004432 + 14?
-3141004414
In base 2, what is -1101010111111001111111100 + 101?
-1101010111111001111110111
In base 3, what is -11 + -110202210121011?
-110202210121022
In base 10, what is 1572798 - 0?
1572798
In base 2, what is -100 + 11100011101001010?
11100011101000110
In base 3, what is -200120 - -101102201111?
101102000221
In base 15, what is -2 + -1a95789?
-1a9578b
In base 14, what is 826214a7 + 1?
826214a8
In base 7, what is 51366546 - 2?
51366544
In base 9, what is -6707613 + -35?
-6707648
In base 5, what is -2 - 140420133422?
-140420133424
In base 7, what is -506645 + -2552?
-512530
In base 5, what is -40 + 4044334104?
4044334014
In base 15, what is 44 - 29523?
-294ce
In base 16, what is -8 + -8f547d?
-8f5485
In base 6, what is 1123033302 + 4?
1123033310
In base 14, what is -430c5 + -b15?
-43bda
In base 14, what is 8511400 - 5?
85113d9
In base 15, what is 15e - -619?
778
In base 6, what is -10552 - 251224?
-302220
In base 10, what is -2 - -5015343?
5015341
In base 10, what is -263691732 + 1?
-263691731
In base 13, what is -42 + 12c796?
12c754
In base 14, what is 5 + -23528c?
-235287
In base 3, what is -10112102 + 2201021?
-211011
In base 3, what is 2 - 11112102121212100?
-11112102121212021
In base 2, what is -100 + -10010011000101011011011?
-10010011000101011011111
In base 2, what is -1101010110000111001011 + -101?
-1101010110000111010000
In base 11, what is -1a57 - 1307?
-3263
In base 8, what is 51 - 3635?
-3564
In base 9, what is -13 + -102412?
-102425
In base 12, what is 6 - 2033b5?
-2033ab
In base 2, what is -1111101011010011 - -10000010?
-1111101001010001
In base 12, what is -51122 + 2968?
-4a376
In base 12, what is -6 + -2aaa86?
-2aaa90
In base 14, what is 72 + 50d4b7?
50d549
In base 3, what is -21022020122 + -1021?
-21022021220
In base 11, what is 173649 - -1?
17364a
In base 10, what is 0 - -4038300?
4038300
In base 10, what is -741718817 - -3?
-741718814
In base 11, what is -446 - -1438a?
13a44
In base 11, what is -609 - 340?
-949
In base 8, what is 1 - -76153752?
76153753
In base 3, what is 2 - -102100122202212?
102100122202221
In base 9, what is -257871467 + 1?
-257871466
In base 8, what is -415452577 - 3?
-415452602
In base 9, what is -74522040 + 2?
-74522037
In base 14, what is -16c + 6a45?
68b7
In base 10, what is -2345220 + -17?
-2345237
In base 3, what is 2011 + -121110022010010?
-121110022000222
In base 3, what is 100 - 21221201202?
-21221201102
In base 5, what is -3042 + 11300430?
11242333
In base 8, what is 50714 + 22245?
73161
In base 3, what is -11020 + 102010202110000?
102010202021210
In base 16, what is 2df2b - -7?
2df32
In base 6, what is -130 + 53123?
52553
In base 3, what is 1001000202022 - -112?
1001000202211
In base 8, what is 1454467257 + -4?
1454467253
In base 12, what is 20 - -aa86?
aaa6
In base 7, what is 102035 - 203165?
-101130
In base 13, what is 3 + 8ccb2c?
8ccb32
In base 2, what is 11101010 - -1000110010000011001?
1000110010100000011
In base 13, what is cb - 54548?
-5444a
In base 11, what is -47072a7 + a?
-4707298
In base 3, what is 1 - 2010012021020120?
-2010012021020112
In base 13, what is -9414 + 4428?
-4cb9
In base 13, what is -1321 - c686?
-109a7
In base 9, what is -14418 - -2804?
-11514
In base 16, what is -17 + -11c4ff?
-11c516
In base 8, what is 234157 - 304?
233653
In base 16, what is -45 - 2cce?
-2d13
In base 14, what is 5c - -acbcb?
acc49
In base 9, what is -62 - -1182232?
1182160
In base 15, what is -4 - -cbc0e55?
cbc0e51
In base 9, what is 58874 - -723?
60707
In base 12, what is 732598 - -3b?
732617
In base 4, what is -112123 - 232?
-113021
In base 5, what is 1020430 + -21232?
444143
In base 5, what is 1 + 14414034234?
14414034240
In base 16, what is 52 - 28c9fd?
-28c9ab
In base 13, what is c22 - 1035?
-113
In base 10, what is -2875908 + 42?
-2875866
In base 9, what is 2267860720 + 4?
2267860724
In base 12, what is -2 + -438626?
-438628
In base 10, what is -3 - 4335376?
-4335379
In base 2, what is 1000011101110111101 + -10010010?
1000011101100101011
In base 3, what is 102200100 + 10021111?
112221211
In base 12, what is 4 - 234762a3?
-2347629b
In base 7, what is -4215254 - 3?
-4215260
In base 8, what is 50 - -63251422?
63251472
In base 15, what is 5d6 - 299?
33c
In base 7, what is 446 + 236234?
240013
In base 4, what is -23301122331 + 3?
-23301122322
In base 15, what is -398e - -903?
-308b
In base 5, what is 102312002 + 11?
102312013
In base 9, what is 32485 - -30337?
62833
In base 14, what is c4642 - 189?
c4497
In base 5, what is 1421041 - -302423?
2224014
In base 7, what is -641262 - 456?
-642051
In base 10, what is -305 + -32601?
-32906
In base 4, what is 1123231 + -10300?
1112331
In base 16, what is 276ae + 401?
27aaf
In base 4, what is 2201 + 312201003?
312203210
In base 2, what is 11 - 110001011111011010001100100?
-110001011111011010001100001
In base 14, what is 5 + 97a94?
97a99
In base 13, what is 8 + -240c11?
-240c06
In base 8, what is 641632 - 250?
641362
In base 4, what is -11 + 10202020201?
10202020130
In base 12, what is 8646232 - -3?
8646235
In base 9, what is -1133365 + -1?
-1133366
In base 2, what is 0 - -10000101111100101110?
10000101111100101110
In base 14, what is -17 - -a313c0?
a313a7
In base 15, what is 5db5 - -1bdd4?
22c99
In base 7, what is 44665651 - 1?
44665650
In base 16, what is -5 + -6a9a40?
-6a9a45
In base 4, what is 1001010113 + 100033?
1001110212
In base 5, what is -2004303 - -20012?
-1434241
In base 16, what is b083 - 83?
b000
In base 10, what is -546 + -1704?
-2250
In base 11, what is 84 - 220307?
-220233
In base 4, what is -10102102222230 + -2?
-10102102222232
In base 14, what is -89c812 + 3?
-89c80d
In base 10, what is -7 - -26355803?
26355796
In base 3, what is -220102200 + 120001000?
-100101200
In base 15, what is -5802 + -35c6?
-8dc8
In base 2, what is 10 - -1011001000001001011010?
1011001000001001011100
In base 6, what is 132130140 - 304?
132125432
In base 11, what is -2 - -4a96aa3?
4a96aa1
In base 6, what is 250521345 - -355?
250522144
In base 9, what is 3385 - -17424?
21820
In base 4, what is 32 - -122322030?
122322122
In base 4, what is 1102220321013 + 10?
1102220321023
In base 3, what is -200 - -202201210021?
202201202121
In base 11, what is -3336 - 601?
-3937
In base 11, what is -19 - 50678?
-50696
In base 15, what is b + 13d5c0d?
13d5c19
In base 10, what is -3 + -14888148?
-14888151
In base 9, what is 16071 + -57511?
-41430
In base 5, what is -4130 + -204301333?
-204311013
In bas